ose -10 - d = -2*s. Calculate the highest common factor of 8 and s.
8
Suppose 0 = -r - 3 + 19. Let a(o) = -2*o**3 - 195*o**2 + 98*o + 24. Let p be a(-98). Calculate the greatest common factor of r and p.
8
Let z(m) be the second derivative of 7*m**4/12 - 4*m**3/3 - 13*m**2/2 + 26*m. Let v be z(-2). What is the greatest common divisor of 279 and v?
31
Suppose -2*p = -3*p + 1. Let n = p - -9. Let o = 517 - 467. What is the highest common factor of n and o?
10
Suppose -5*i - 4*w = -104, 5*w + 269 = 3*i + 214. What is the greatest common factor of 3940 and i?
20
Let p(s) = 18*s**2 - 10*s + 1. Let v be p(6). What is the highest common factor of v and 19?
19
Let x = 120 - 121. Let j be -45*(x + 3 + 32/(-10)). What is the highest common factor of j and 6?
6
Let h(l) = -8*l - 24. Let n be h(-15). Calculate the greatest common factor of n and 72.
24
Suppose -39*a = -507 - 1053. What is the highest common factor of 5 and a?
5
Let j(n) = -7*n - 1. Let y be j(-1). Suppose y*z - z - 5 = 0. Let v(i) = 12*i**3 - 2*i**2 + i. Let g be v(z). What is the greatest common divisor of 99 and g?
11
Suppose 0 = -4*l + 4*p + 392, -3*p = l - 5*l + 394. Calculate the greatest common divisor of 4 and l.
4
Suppose 0 = 3*b + 2*d - 71, 75*d - 21 = -b + 73*d. Calculate the highest common factor of 80 and b.
5
Let d = 1882 - 1274. What is the greatest common factor of 16 and d?
16
Let b be (1/(-3))/((-8)/(-168)). Let v = 27 + b. What is the highest common factor of v and 180?
20
Suppose -240 = x - 5*x. Let k = 772 + -1100. Let u = 478 + k. Calculate the greatest common divisor of u and x.
30
Suppose -3*f = 7*d - 6*d - 128, -f - 2*d = -46. Suppose m + 2*q - 30 = 0, -m + f = -q + 9. Calculate the highest common factor of m and 4.
4
Let g be (-2)/6 + (-380)/(-6). Suppose -2*i = 5*o - 75, -5*o + 94 - 24 = i. Suppose -3*m + 14 = -o. Calculate the greatest common divisor of g and m.
9
Suppose -k - 3*u = -27, -k - 15 = -2*k + u. What is the greatest common divisor of 2 and k?
2
Suppose 0 = -5*x - p + 589, p = 12 - 8. Calculate the greatest common divisor of 72 and x.
9
Let u = -55 - -64. Suppose -5*x + 90 = 2*b, x - u*b + 4 = -5*b. Suppose -3*m - 19 = -4*r, -9 = -r - 0*r + 5*m. Calculate the greatest common factor of r and x.
4
Suppose 0 = 2*f + 3*f - 30. Let t be 7 - 9 - 4/1. Let z = 36 + t. What is the greatest common divisor of f and z?
6
Let w be (3/9)/((-5)/(-75)). Suppose -3*z - f + 39 = 2*f, 0 = -w*z - f + 57. Calculate the highest common divisor of z and 88.
11
Let y be (-5)/5 - ((1 - 0) + -38). Let o(s) = 12*s**2 - 9*s - 3. Let d be o(5). Calculate the greatest common factor of d and y.
36
Suppose q + 3*m = 18, q - 2*m - 9 - 9 = 0. Let r = -4 + q. What is the greatest common divisor of r and 70?
14
Let m = 249 + -116. Let c = -309 + m. Let v = 268 + c. What is the greatest common divisor of 23 and v?
23
Suppose -561 = -5*v + 4*o - 197, -4*v - 4*o = -320. What is the highest common divisor of 133 and v?
19
Let q(c) = 0 + 1 - 5*c**2 + 8*c**2 + 2*c - 3. Let k be q(5). Suppose -3*m + k = -25. What is the highest common divisor of 18 and m?
18
Let k be (-8)/72 - (-9064)/(-72). Let j(m) = m**2 + 2*m - 6. Let u be j(4). Let z be u/k + 92/7. What is the greatest common divisor of z and 13?
13
Suppose 0*y + 27 = y. Let c(a) = 6*a + 3. Let u be c(-3). Let m be (5 - 6/u*-5) + 6. What is the highest common divisor of y and m?
9
Suppose -3*q = -3*a, 2*q + a + a = -4. Let x be (12/(-1) + 5)/(q/2). Suppose 5*o = o + 448. What is the highest common divisor of x and o?
14
Let g be ((-8)/10)/(2/(-50)). Let y(k) = k**2 - 4*k - 21. Let v be y(7). Suppose -5*p + g + 15 = v. What is the highest common divisor of p and 49?
7
Suppose 0 = -4*n + 10 + 42. Suppose 3*r = -10 + n. Let u be 10 - 0*r/4. Calculate the highest common divisor of 25 and u.
5
Suppose 10*u - 24*u + 3010 = 0. What is the greatest common factor of u and 43?
43
Suppose w + 67 = 5*f, -2*f - 123 = 2*w - f. Let j = -52 - w. Calculate the highest common factor of j and 10.
10
Suppose -11*m + 504 - 152 = 0. Calculate the greatest common factor of 144 and m.
16
Let c = -7 - -7. Suppose c*m - m = 0. Suppose 2*p + 11 = -3*q, 6*p - 3*p - 3*q - 21 = m. Calculate the highest common divisor of 3 and p.
1
Let q(p) = 27*p - 45. Let k be q(5). Suppose 11*l = 23*l - 540. What is the highest common divisor of l and k?
45
Let i = -21 + 13. Let x be (0 + -1)*(i - 20). Let y = 7 - -7. What is the highest common factor of x and y?
14
Suppose -46*t = -49*t + 36. Let f = 42 - t. What is the highest common factor of f and 30?
30
Suppose 0 = 3*p + 2*p. Suppose p = -2*k + 6*k - 136. Suppose 3*z = l - 5*l + 26, 5*l - k = -3*z. What is the highest common divisor of 88 and l?
8
Let t(s) = -27*s - 58. Let q(v) = -14*v - 29. Let x(m) = -11*q(m) + 6*t(m). Let g be x(-5). What is the highest common divisor of 55 and g?
11
Let r be (-9)/(-3*1/2). Suppose 4*x = -3*v - 11 + 5, -19*x = 3*v + 96. Calculate the greatest common divisor of v and r.
6
Let l = -146 - -216. Calculate the highest common factor of l and 28.
14
Let u(j) = 976*j - 4. Let b be u(1). Calculate the highest common factor of 36 and b.
36
Let v(o) = 4*o - 3*o - 6 + 3*o + o. Let l be v(2). Suppose -23 - 1 = -2*t. Calculate the highest common divisor of t and l.
4
Suppose 5*x + 4*o - 132 = 0, 19 = x - o - 2. Calculate the highest common factor of 6 and x.
6
Let p be (-18)/(-8) - (-2)/(-8). Let v(u) = -u**2 - 13*u - 28. Let n be v(-9). Calculate the highest common divisor of p and n.
2
Let q = -22 + 18. Let f be q/3 + 7/21. Let t be 1 + f*0/3. What is the highest common divisor of 1 and t?
1
Let r(k) = 0*k**2 + 2*k**2 + 8 - 8*k + 1 - k**2. Let h be r(7). Suppose 3*g + 75 = 129. What is the highest common factor of g and h?
2
Let w = 5 - 0. Suppose -5 = -w*d - p - 3, d - 4*p - 13 = 0. Suppose f = 6 - d. Calculate the highest common divisor of 20 and f.
5
Suppose -16*s = -19*s + 12. Suppose 3 = -p, 2*j - s*p = -0*j + 46. What is the greatest common divisor of 187 and j?
17
Suppose -5*w = -4*s + 165, 177 = -3*s + 7*s - w. Suppose 0 = 7*h - 8*h + s. Calculate the highest common factor of 45 and h.
45
Let i be -1*327/(-21) - 16/28. Calculate the greatest common factor of i and 15.
15
Suppose 21*o - 17*o - 3*l = 188, -4*o = -5*l - 180. Calculate the greatest common divisor of o and 200.
50
Suppose -17*w + 660 = 13*w. What is the greatest common divisor of 2266 and w?
22
Suppose 9*b + 8*b = 2686. Calculate the highest common factor of 79 and b.
79
Let i(o) = 2*o - 11. Let u be i(7). Let x(a) = 21*a**3 + a - 1. Let q be x(1). Calculate the greatest common factor of q and u.
3
Let b be 6/((-252)/(-117) + -2). What is the greatest common factor of b and 78?
39
Let c(p) = 6*p - 81. Let z be c(17). Calculate the greatest common divisor of z and 2688.
21
Let z = -731 - -1006. Calculate the highest common divisor of 100 and z.
25
Let h = 69 + -64. Suppose 0 = -h*x - 27 + 152. Calculate the highest common factor of x and 5.
5
Suppose -3*n = 151 - 43. Let w = n + 28. Let y be (20/(-6))/(w/36). What is the highest common factor of y and 120?
15
Suppose -34*j = -18*j - 448. Calculate the greatest common divisor of 35 and j.
7
Let s(l) = -l**2 - 18*l + 136. Let b be s(5). Calculate the highest common divisor of 9 and b.
3
Let o(d) = -d**3 - 11*d**2 + 2*d + 36. Let j be o(-11). Calculate the highest common factor of 91 and j.
7
Suppose -255 = -5*o + 4*w - 34, 5*o - 5*w = 225. Let d = 63 - o. Calculate the greatest common factor of d and 77.
11
Suppose 3*z = 3*f - 24, 2*f - 3*z - 18 = -0*z. Let a = -6149 + 6179. What is the highest common divisor of a and f?
6
Let y(a) = 68*a - 540. Let h be y(8). Let v(o) = -o + 3. Let g be v(2). Let x be ((-2)/8)/(g/(-4)). Calculate the greatest common divisor of h and x.
1
Let w be 5*(-10 - 0/(-2))/(-2). Suppose 4*x + w = 89. Calculate the highest common factor of x and 48.
16
Let x be ((-2 - -5) + -61)/(-2). Suppose 11 = 3*w + x. Let t be (-5)/(-30) - 155/w. Calculate the greatest common divisor of 65 and t.
13
Suppose -25*l = -26*l. Suppose j + 2*j - 2*n - 157 = l, 2*n - 8 = 0. Let t = -3 - -14. What is the greatest common factor of t and j?
11
Let n(h) = -h - 3. Let y(o) = -1. Let d(w) = n(w) + 5*y(w). Let q be d(-20). Calculate the greatest common divisor of q and 108.
12
Let c(